 List the prime factors of (-21)/(-24)*l*1*2.
7, 29
List the prime factors of (-11 - 1011)*(-1)/2.
7, 73
Let n = 358 - 210. Let l = -69 + n. What are the prime factors of l?
79
Let p be (-14)/(-4)*(-48)/(-28). Let x(s) = 2*s**2 - 8*s + 13. What are the prime factors of x(p)?
37
Suppose 2*d = 361 - 55. Suppose -7*o + d = -246. What are the prime factors of o?
3, 19
Let j be (1 - (-2)/((-4)/(-6))) + 1. Suppose -d + 93 = k, -j*d - 197 = 4*k - 662. List the prime factors of d.
3, 31
Let a(l) = -l**3 + 4*l**2 + l - 4. Let r(u) = -4*u**3 + 2*u**2 + 2*u + 1. Let q be r(-1). Let y be a(q). What are the prime factors of y/(-8) + 0 + 10?
13
Suppose -5*k = 2*m - 82, 0*m = -3*k + 5*m + 43. Let h = -28 + k. Let g = h + 32. List the prime factors of g.
2, 5
Let u(n) = 316*n + 8. What are the prime factors of u(1)?
2, 3
Let m(u) = 49*u**2 - 2*u - 2. What are the prime factors of m(-1)?
7
Let u = 895 + -309. List the prime factors of u.
2, 293
List the prime factors of 3/(-4)*62784/(-216).
2, 109
Suppose 5*d = 15, 5*d + 1 + 20 = -3*b. Let c = b - -17. Suppose s = 2 + c. List the prime factors of s.
7
Suppose 0 = -6*h - 250 + 22. What are the prime factors of 3 - 10/4*h?
2, 7
Let y(x) = 17*x**2 + 129*x + 49. What are the prime factors of y(-10)?
3, 17
Let f be ((-2)/(-3))/(5/150). Let z = 33 - f. What are the prime factors of z?
13
Suppose 4*d = 2*m + 12, -3*m + 18 = -0*d + 3*d. Suppose d*o = 3*o + 14. Suppose -2*b = -36 + o. What are the prime factors of b?
11
Let g(r) = r + 12. Let n be g(-8). Suppose -3*z - 45 = b - n*b, -4*b = 5*z + 102. Let y = z + 29. List the prime factors of y.
11
Let r(v) = -v**2 + 9*v + 12. Let b be r(9). Suppose 3*c = -c + b. Suppose 5*x - 19 = 2*m - 53, -c*x - 30 = -2*m. What are the prime factors of m?
2, 3
Let x(g) = g**3 - 9*g**2 + g + 14. Let k = -23 - -32. What are the prime factors of x(k)?
23
What are the prime factors of 4 + (117/13 - -3670)?
29, 127
Let f = 1495 + -56. List the prime factors of f.
1439
Suppose -2*a + 5*t + 1488 + 899 = 0, 2*t + 2390 = 2*a. List the prime factors of a.
2, 13, 23
Suppose 20167 = 5*j - 1908. List the prime factors of j.
5, 883
Let z be (-1)/7 + 134/7. Let o = -17 + z. What are the prime factors of o/4*(-12)/(-3)?
2
Suppose -776 = -5*t + 674. List the prime factors of t.
2, 5, 29
Let c(f) = f**3 - 5*f**2 + f - 12. Let i be c(6). Suppose p - i = 27. What are the prime factors of p?
3, 19
Let q = 28 - 26. Suppose q*v + 3*u - 154 = 0, 5*v - 3*u - 9 = 376. What are the prime factors of v?
7, 11
Suppose 4*g = -2*b + 260, 3*b = 3*g - 2*g - 51. List the prime factors of g.
3, 7
Let u = 454 - 371. List the prime factors of u.
83
Let s(h) = h**2 + 4*h - 22. Suppose -54 = -0*o + 6*o. List the prime factors of s(o).
23
Suppose 148 = 9*m - 5*m. List the prime factors of m.
37
Let u be (-1)/((0 + -5)/(-415)). Let r = 121 + u. List the prime factors of r.
2, 19
Let d(o) be the first derivative of o**4/4 + 25*o - 1. Suppose 0 = 4*a - 3*u - 3, 0 = 2*a + 5*u + 5. What are the prime factors of d(a)?
5
Suppose -2*y - 9 = -5*y. Suppose -y*u = -8*u + 20. What are the prime factors of u?
2
Let o be (-644)/(-35) + (-4)/10. Suppose 5*p - 102 = o. What are the prime factors of p?
2, 3
Let f(p) = 13*p + 1. Let h(j) = j + 1. Let g(v) = -2*f(v) + 18*h(v). What are the prime factors of g(-9)?
2, 11
Suppose g + 3*i = -199, -2*g + g = i + 193. What are the prime factors of (0 - 2)/((-375)/g + -2)?
2, 19
Let a(j) = 56*j**2. Let t(b) = -b**2 - 17*b - 14. Let i be t(-16). What are the prime factors of a(i)?
2, 7
Let b be (-3 + 2 + 0)/((-3)/6). Suppose -b*z + z - 1 = 0, 0 = 5*m - z - 266. List the prime factors of m.
53
Let i(m) = -7*m - 13. Let f(a) = 6*a + 14. Let b(u) = 6*f(u) + 5*i(u). List the prime factors of b(21).
2, 5
Suppose -22 - 50 = -3*o. What are the prime factors of (3 - -2) + o + (-1 - 2)?
2, 13
Let o(p) = -12*p**3 + 12*p**2 + 3*p - 16. List the prime factors of o(-5).
29, 61
Let b(v) = v**3 - 6*v**2 - 2*v + 7. Let p be b(6). Let x = 3 + p. List the prime factors of ((-126)/(-7))/((-1)/x).
2, 3
Suppose -5*i - z + 8 = -6, i = 3*z - 10. Suppose -i*q + 315 = -3*q. What are the prime factors of q/(-7)*(-1 - -2)?
3, 5
What are the prime factors of (8 - -148 - -1)*1?
157
Let s = -543 - -1109. List the prime factors of s.
2, 283
Suppose -3*w - 3 = 0, 0 = h - 7*w + 4*w - 12. Let d be (-12)/(-18) + 651/h. Suppose 3*l - d - 74 = 0. List the prime factors of l.
7
Suppose 50*x = 54*x - 568. List the prime factors of x.
2, 71
Let w(i) = 130*i**3 + i**2 + 3*i. What are the prime factors of w(2)?
2, 3, 5, 7
Suppose -v - 40 = -3*y + 252, 0 = -3*v + 6. Suppose -2*z + 24 = -y. Suppose 0 = -5*j - 15, -5*q + 4*j + z = -4*q. What are the prime factors of q?
7
Let o be 8*(-3 + 1 + 3). Suppose s = -4*u + o, -u - 2*s + 17 = 2*s. Suppose 4*z - 3*z = -4*k - u, -2*k = 5*z - 49. What are the prime factors of z?
11
What are the prime factors of 1044 - (12 + 12/(-2))?
2, 3, 173
Suppose 2*a + 45 - 303 = 0. List the prime factors of a.
3, 43
Suppose 7*w + 3876 = 11*w. List the prime factors of w.
3, 17, 19
Let j be (-2)/8 + (-4333)/28. Let g = 217 + j. What are the prime factors of g?
2, 31
Suppose -7 = -s - 4. Suppose -2*q - 3*l + 265 = 0, -q + 5*l = s*q - 541. Suppose 2*g + 18 = q. List the prime factors of g.
2, 29
Suppose -5*l + a = -3148 + 616, 0 = 5*l + 3*a - 2524. List the prime factors of l.
2, 11, 23
Suppose -2*s + 57*b - 59*b + 9712 = 0, 0 = 3*b - 12. What are the prime factors of s?
2, 1213
Let t be ((-20)/(-25))/((-2)/(-20)). Let j(w) = w**2 - 9*w + 10. Let m be j(t). Suppose m*o = o + 11. What are the prime factors of o?
11
Suppose -5*i = 2*a - 356, 2*a - 335 = -i + 5. Suppose -4*o - a = -468. What are the prime factors of o?
3, 5
Suppose 0 = -4*d + 4*z + 9240, -13*d = -9*d + 4*z - 9232. What are the prime factors of d?
2309
Let f(o) = 44*o - 12. What are the prime factors of f(8)?
2, 5, 17
Suppose 4 + 2 = -2*v. Let d be v/6*(-70 - -2). Suppose -d - 26 = -4*s. List the prime factors of s.
3, 5
Let m(q) = q**3 + 8*q**2 + 8*q + 4. Let c be m(-7). Let k(w) = -w**3 - w**2 + w + 3. What are the prime factors of k(c)?
2, 3
Let l = 607 - -880. What are the prime factors of l?
1487
Let w(j) = 69*j - 90. What are the prime factors of w(14)?
2, 3, 73
List the prime factors of (-1 - (-10 + 0)) + (8 - 12).
5
Suppose 5*d - 4*d + 3 = 0. Let n be 6/(-18) - 10/d. Suppose n*a + 145 = 8*a. List the prime factors of a.
29
Suppose 0 = 22*f + 12995 - 56577. List the prime factors of f.
7, 283
List the prime factors of (-1)/((-3886)/(-648) + -6).
2, 3
Let s be 10*(3 + (-25)/10). Suppose 2*t - s*x = 153 + 178, -4*t = -2*x - 622. List the prime factors of t.
3, 17
Let s(m) = 122*m - 278. What are the prime factors of s(11)?
2, 7, 19
Let j(b) = -b**3 + 17*b**2 - 5*b - 19. Let s be j(16). Suppose -3*i + 5*p + 511 = p, 4*p = i - s. What are the prime factors of i?
3, 59
Let a = -1080 - -1953. List the prime factors of a.
3, 97
Suppose -3*t + 24 = -t. Let b = -6 + t. Suppose -b*c = -3*c - 39. What are the prime factors of c?
13
Suppose 2833 = 4*h - 5*u, h - 2*u + 718 = 2*h. List the prime factors of h.
2, 89
Suppose -9*u + 3456 = -2097. What are the prime factors of u?
617
Suppose -5*h + 3637 + 23 = 0. What are the prime factors of h?
2, 3, 61
Suppose 5*u - 3 = h + 22, -14 = -4*u + 2*h. Suppose 25 = -g + u*g. Suppose -4*d + 0*j - j = -174, -5*j = g*d - 225. What are the prime factors of d?
43
Suppose -10*i + 987 = -9*i. What are the prime factors of i?
3, 7, 47
Suppose 2*y - 3*y + 534 = 0. What are the prime factors of y?
2, 3, 89
Suppose 5*j - 415 = 5*g, -5*g + 0*j = -2*j + 412. Let k = g + 97. List the prime factors of k.
3, 5
Let u = -196 - -442. What are the prime factors of u?
2, 3, 41
Suppose q - 875 = -4*a + 481, 0 = -q - 3*a + 1353. List the prime factors of q.
2, 3, 7
Let z(i) = 5*i - 3 - 4 + 0. Let r = 252 - 247. What are the prime factors of z(r)?
2, 3
Let n(x) = -x**3 + 23*x**2 - 21*x + 31. Suppose -132 = -15*u + 9*u. What are the prime factors of n(u)?
53
Let m(r) = 2*r**2 - 16*r - 8. Let v be -1 + 6/4 + 462/44. List the prime factors of m(v).
2, 29
Suppose 8*z = 6*z + 2. Suppose z + 49 = f. List the prime factors of f.
2, 5
Let z be (-8 + 0 + 1)*-5. Suppose 0 = -5*k - 10 + z. Suppose 102 = 4*u + k*t, 0*t + 31 = u + 4*t. What are the prime 